81403?
4
What is the hundreds digit of 226944103?
1
What is the millions digit of 994983573?
4
What is the units digit of 884494607?
7
What is the tens digit of 54529055?
5
What is the millions digit of 19993076?
9
What is the thousands digit of 40287164?
7
What is the hundred millions digit of 101298590?
1
What is the ten thousands digit of 59562604?
6
What is the ten thousands digit of 4261184537?
8
What is the ten thousands digit of 113173779?
7
What is the hundreds digit of 596327751?
7
What is the ten millions digit of 6621083809?
2
What is the millions digit of 213337752?
3
What is the hundreds digit of 21159332?
3
What is the hundreds digit of 206860269?
2
What is the hundred thousands digit of 689373827?
3
What is the ten thousands digit of 131734914?
3
What is the units digit of 85166053?
3
What is the millions digit of 5033500?
5
What is the thousands digit of 5427419141?
9
What is the ten millions digit of 415073029?
1
What is the ten millions digit of 4175240165?
7
What is the thousands digit of 173449639?
9
What is the hundred thousands digit of 37264300?
2
What is the tens digit of 4512358353?
5
What is the units digit of 28367407?
7
What is the units digit of 1503056976?
6
What is the hundred thousands digit of 34277179?
2
What is the hundred thousands digit of 46571164?
5
What is the millions digit of 569599038?
9
What is the hundred millions digit of 1060015851?
0
What is the ten millions digit of 533636629?
3
What is the billions digit of 1248572871?
1
What is the ten millions digit of 87073066?
8
What is the ten thousands digit of 1239733408?
3
What is the thousands digit of 574768997?
8
What is the hundred thousands digit of 61251327?
2
What is the tens digit of 826952775?
7
What is the ten thousands digit of 103420335?
2
What is the millions digit of 1521637075?
1
What is the ten millions digit of 76318477?
7
What is the tens digit of 5035383077?
7
What is the tens digit of 232520177?
7
What is the hundred thousands digit of 108031981?
0
What is the millions digit of 73642840?
3
What is the ten millions digit of 202219541?
0
What is the units digit of 1489955552?
2
What is the ten millions digit of 136515661?
3
What is the ten millions digit of 1845006339?
4
What is the ten thousands digit of 46364258?
6
What is the hundred thousands digit of 1059054549?
0
What is the hundreds digit of 80003563?
5
What is the millions digit of 8028248?
8
What is the tens digit of 731944503?
0
What is the thousands digit of 468317924?
7
What is the units digit of 460002672?
2
What is the ten thousands digit of 1537355109?
5
What is the units digit of 1509062036?
6
What is the ten thousands digit of 2841871170?
7
What is the millions digit of 47052125?
7
What is the units digit of 1382132276?
6
What is the thousands digit of 3803038930?
8
What is the units digit of 3192122687?
7
What is the ten thousands digit of 1333928811?
2
What is the hundred millions digit of 2599147009?
5
What is the tens digit of 222355914?
1
What is the tens digit of 99618982?
8
What is the hundred thousands digit of 28581243?
5
What is the billions digit of 1825235250?
1
What is the ten thousands digit of 206424444?
2
What is the ten thousands digit of 483313840?
1
What is the tens digit of 46088776?
7
What is the tens digit of 50203812?
1
What is the hundreds digit of 8826844?
8
What is the tens digit of 28454962?
6
What is the ten millions digit of 29861784?
2
What is the hundred thousands digit of 329250862?
2
What is the millions digit of 1299521680?
9
What is the tens digit of 259623648?
4
What is the ten thousands digit of 39697?
3
What is the billions digit of 7304080794?
7
What is the millions digit of 418066830?
8
What is the millions digit of 362392507?
2
What is the thousands digit of 55486220?
6
What is the hundreds digit of 319674164?
1
What is the hundred thousands digit of 696398062?
3
What is the ten millions digit of 67150617?
6
What is the thousands digit of 1011537357?
7
What is the ten thousands digit of 27570814?
7
What is the ten thousands digit of 2061868805?
6
What is the thousands digit of 216601391?
1
What is the thousands digit of 611330704?
0
What is the units digit of 95996969?
9
What is the hundred thousands digit of 673348885?
3
What is the hundred thousands digit of 48730314?
7
What is the thousands digit of 22788498?
8
What is the ten thousands digit of 673943217?
4
What is the hundred millions digit of 664897277?
6
What is the thousands digit of 1960033358?
3
What is the billions digit of 3727586326?
3
What is the hundreds digit of 186127812?
8
What is the thousands digit of 23115058?
5
What is the hundred thousands digit of 87404781?
4
What is the ten millions digit of 58216362?
5
What is the ten thousands digit of 313838714?
3
What is the units digit of 231071715?
5
What is the thousands digit of 122991519?
1
What is the hundreds digit of 1587964167?
1
What is the ten thousands digit of 1213401192?
0
What is the hundreds digit of 1780354870?
8
What is the ten millions digit of 266926575?
6
What is the thousands digit of 22895175?
5
What is the ten millions digit of 48719900?
4
What is the tens digit of 3796590903?
0
What is the hundreds digit of 153951727?
7
What is the thousands digit of 405994873?
4
What is the tens digit of 1823081?
8
What is the units digit of 45513947?
7
What is the ten millions digit of 34933800?
3
What is the hundred millions digit of 480666267?
4
What is the ten thousands digit of 51437676?
3
What is the millions digit of 171340388?
1
What is the hundreds digit of 431087855?
8
What is the thousands digit of 1224214903?
4
What is the ten thousands digit of 1930577223?
7
What is the thousands digit of 335883678?
3
What is the ten millions digit of 170909543?
7
What is the hundreds digit of 512922482?
4
What is the hundred millions digit of 406755619?
4
What is the millions digit of 60917105?
0
What is the hundred thousands digit of 122736601?
7
What is the billions digit of 1768953883?
1
What is the thousands digit of 9228647?
8
What is the ten millions digit of 682975813?
8
What is the hundred thousands digit of 57924379?
9
What is the units digit of 36446451?
1
What is the ten thousands digit of 26191601?
9
What is the hundred thousands digit of 240794676?
7
What is the units digit of 49992473?
3
What is the tens digit of 552027756?
5
What is the hundred millions digit of 1587576723?
5
What is the tens digit of 4376043?
4
What is the hundreds digit of 1393884897?
8
What is the ten millions digit of 97508494?
9
What is the millions digit of 111871787?
1
What is the billions digit of 4026636417?
4
What is the ten thousands digit of 1083447077?
4
What is the hundreds digit of 13951795?
7
What is the hundred millions digit of 313005506?
3
What is the units digit of 5445933347?
7
What is the millions digit of 1243761441?
3
What is the thousands digit of 9376921?
6
What is the hundred thousands digit of 129092845?
0
What is the hundreds digit of 5248616964?
9
What is the millions digit of 469922006?
9
What is the units digit of 961218645?
5
What is the thousands digit of 42173671?
3
What is the ten millions digit of 51820145?
5
What is the thousands digit of 10633915?
3
What is the hundreds digit of 989954143?
1
What is the millions digit of 29172388?
9
What is the tens digit of 67735512?
1
What is the hundred thousands digit of 9902100?
9
What is the units digit of 591175159?
9
What is the units digit of 103979831?
1
What is the units digit of 309880615?
5
What is the millions digit of 2969417882?
9
What is the tens digit of 99875620?
2
What is the ten millions digit of 335596295?
3
What is the hundred thousands digit of 16934977?
9
What is the hundred millions digit of 1327010814?
3
What is the tens digit of 4913542085?
8
What is the ten millions digit of 85582206?
8
What is the ten millions digit of 49847671?
4
What is the hundred thousands digit of 1064000536?
0
What is the tens digit of 60475901?
0
What is the ten thousands digit of 290604932?
0
What is the millions digit of 1516254091?
6
What is the units digit of 511910165?
5
What is the hundreds digit of 462961950?
9
What is the millions digit of 2405379391?
5
What is the tens digit of 35628566?
6
What is the ten thousands digit of 1898058895?
5
Wha